f 144 and z.
18
Let g(v) = 18*v**2 + 7*v + 12. Let b be g(-4). Calculate the highest common divisor of 16 and b.
16
Let u(m) = m**3 - 6*m**2 - 7*m + 4. Let t be u(7). Suppose -77 = -t*h + 343. What is the highest common factor of h and 15?
15
Let p = -14 + 9. Let f be (-1)/p + 58/10. Let h be 4/14 - (-332)/14. Calculate the greatest common divisor of f and h.
6
Let l = 2 + 13. Let d(m) = -m**2 - 12*m - 1. Let s be d(-6). Let v = s - 25. What is the highest common factor of l and v?
5
Suppose -4*q = -2*q - 8. Suppose q + 31 = 5*s. Calculate the greatest common factor of s and 35.
7
Let d = -43 + 49. Calculate the highest common factor of d and 3.
3
Let v be (-1 - -1) + (2 - 0). What is the highest common divisor of v and 3?
1
Let v(s) be the first derivative of 79*s**2/2 + s + 3. Let h be v(1). Suppose -4*b - b + 120 = -5*q, 4*q - 4 = -b. What is the highest common factor of b and h?
20
Let d = 55 + -25. Suppose -50 = -0*b + 5*b. Let o be b/((-1 - -1) + -1). What is the highest common divisor of d and o?
10
Suppose v + 9 - 18 = 0. Let n be ((-2 - -3) + -1)/1. Suppose n = 4*d - 428 + 32. Calculate the greatest common factor of v and d.
9
Suppose -2*t + 3*w = -18, 4*t = t - 4*w + 61. Let g be (-6)/t - 414/(-10). Let m be (-1 - (-4)/2) + g. Calculate the highest common divisor of 28 and m.
14
Let b = 5 + -3. Calculate the highest common divisor of b and 18.
2
Let k(c) = 15*c. Let r = -19 - -20. Let d be k(r). Calculate the greatest common factor of d and 60.
15
Let a(x) = -7*x - 4. Let y be a(-3). Let k(l) = l**2 - 9*l - 33. Let i be k(20). What is the highest common divisor of i and y?
17
Let v(o) = o**3 + 10*o**2 + 10*o - 6. Let f be v(-8). What is the highest common factor of f and 294?
42
Let u = -29 - -38. Calculate the greatest common factor of 1 and u.
1
Let o be -4 - 23/(-3)*(-12)/(-2). What is the greatest common divisor of 336 and o?
42
Suppose 5*v - 18 - 12 = 0. Calculate the highest common divisor of 30 and v.
6
Suppose -2*t - 2*t + 127 = -3*y, 3*y - 97 = -4*t. Calculate the greatest common divisor of t and 14.
14
Suppose -v = 2*v + d - 144, -d = -3. Let w = -23 + v. What is the greatest common factor of w and 6?
6
Let z(d) = -2*d**2 - 2*d + 1. Let x be z(-2). Let v(m) = 39*m + 3. Let q be v(-2). Let o be (q/(-3) + x)*10. What is the highest common divisor of 20 and o?
20
Suppose -4*u = -3*u - 18. Suppose 4*n + 40 = 4*t, -2*n + 12 = 5*t - 52. Calculate the greatest common divisor of u and t.
6
Let u(n) = -2*n**2 - 2*n. Let b be u(-3). Let w be (-4)/3*270/b. What is the highest common divisor of w and 12?
6
Let o = 11 - -4. Suppose 0 = 2*i + 145 - 57. Let u be -1 - i - (0 - 2). Calculate the highest common divisor of o and u.
15
Suppose -b - 39 = -2*b. Calculate the greatest common divisor of 39 and b.
39
Let r be (-20 - -3)/(-5 - -4). Calculate the greatest common factor of r and 85.
17
Let g(u) = -6*u - 1 + 36*u - 2 - 1. Let a be g(6). What is the highest common divisor of 16 and a?
16
Let g be (-62)/(((-16)/2)/(-4)). Let d = g + 45. What is the greatest common factor of 28 and d?
14
Let p be 2/(-2) + (-25)/(-5). Suppose 0*r + 2*r + u = 28, -5*u = p*r - 62. Calculate the greatest common factor of 52 and r.
13
Let u be 4 - (20*-7 - 1). Suppose -4*m = a + 57 - u, -2*m = -2*a - 34. Calculate the greatest common factor of m and 105.
21
Let g be (6/9)/(4/18). Suppose 4*u = g*b - 236, 0 = 2*b + 6*u - 3*u - 129. Suppose -1 - 1 = a, 4*r = 4*a + 200. What is the highest common divisor of r and b?
24
Suppose 3*j - 446 = -62. What is the greatest common divisor of 32 and j?
32
Suppose -2*l = 4*p - 7*p - 64, -2*p = 2*l + 26. Let s = p - -30. What is the greatest common divisor of 4 and s?
4
Let f be 8/(-20) + (-178)/5. Let n be (153/f)/((-2)/8). Calculate the highest common factor of n and 187.
17
Let c be -30*((-10)/6 - -1). Suppose 7*f = 2*f - 4*o + 36, 2*o - 4 = f. What is the greatest common divisor of f and c?
4
Let i(n) = -69*n + 2. Let t be i(-6). Calculate the greatest common factor of t and 52.
52
Suppose -12 = -j + 3*j. Let l(f) = -6*f + 4. Let h be l(j). Suppose 5*y = y + h. What is the highest common divisor of y and 30?
10
Let f = -65 - -184. Let q(g) be the first derivative of g**4/2 - 4*g**3/3 - g**2/2 + 2*g - 2. Let b be q(3). What is the greatest common factor of b and f?
17
Let f be (-76)/(-6) + (-4)/6. Let i(x) = x**2 - x + 3. Let r be (0/1)/(3 + -1). Let o be i(r). What is the greatest common factor of f and o?
3
Let v(g) = 87 + 43 - g - g + g. Let p be v(0). What is the highest common divisor of p and 52?
26
Suppose v + 2 - 7 = 0. Calculate the greatest common factor of v and 15.
5
Suppose -4*h = -7*h + 12. Calculate the highest common factor of h and 36.
4
Suppose -3*r - w + 4*w = -66, r - 28 = -2*w. Let g = -15 + r. Let z(d) = -19*d - 2. Let c be z(-2). What is the greatest common factor of c and g?
9
Let w(n) = -4*n**2 + n. Let r be w(-1). Let h = 12 + r. Let y = -6 - -7. What is the highest common divisor of h and y?
1
Suppose b - 2 = -5*z, 0 - 2 = -b - 3*z. What is the highest common factor of 10 and b?
2
Let m be (6 + 0)*(-5)/(-3). Suppose -2*f + 2 + 2 = 0. Suppose 3*x + 88 = f*l, l + 0*l - x = 46. Calculate the greatest common divisor of l and m.
10
Suppose 11*n - 8 = 9*n. Let y(c) = c**3 - 5*c**2 + 4*c - 4. Let v be y(5). Calculate the highest common divisor of n and v.
4
Let z(b) = -4*b - 62. Let n be z(-21). Calculate the highest common divisor of 198 and n.
22
Suppose -5*a + 5*o = -270, 2*o = -a + 63 - 3. Calculate the highest common divisor of 7 and a.
7
Suppose -6*z + 4*z + 6 = 0. Suppose -289 = -5*d + 176. Suppose b + d = z*o - 0*b, -33 = -o + b. Calculate the greatest common factor of o and 15.
15
Let l be 3 - (-1)/((-3)/(-51)). Suppose 0 = -2*w + 3*n + 171 + l, -w + 63 = 5*n. Calculate the highest common factor of 11 and w.
11
Let f(k) = 13*k**2 + 2*k - 2. Let g be f(-2). What is the highest common factor of g and 115?
23
Let k(t) = -5*t**2 - 6. Let h(f) = -6*f**2 - 6. Let a(u) = 3*h(u) - 4*k(u). Let v be a(-5). Calculate the highest common divisor of v and 7.
7
Let c = 18 + -9. Calculate the greatest common factor of 99 and c.
9
Let t(k) = -8*k - 36. Let b be t(-5). Let l(i) = 6*i**3 - 4*i**2 + 3*i - 2. Let z be l(2). What is the highest common factor of b and z?
4
Suppose -b = -5*t - 20, 2*t + 164 = 4*b + 3*t. Let g(c) = c**3 + 5*c**2 - 13*c - 32. Let d be g(-6). Calculate the highest common divisor of d and b.
10
Let t(z) = 2*z + 6. Let o(p) = 3*p + 12. Let l(n) = 5*o(n) - 9*t(n). Let q be l(-8). What is the greatest common divisor of q and 5?
5
Suppose -83 - 36 = -7*w. What is the greatest common factor of 85 and w?
17
Let g be (-192)/(-20) + 4/10. Calculate the greatest common divisor of g and 30.
10
Suppose -4*z = -2*w + 56, 0*w = 2*w + 5*z - 65. What is the greatest common divisor of w and 270?
30
Let t = -51 + 75. Let m be -3*t/(-9)*-5. Let v be -1 - m - (0 + 0). What is the greatest common divisor of 13 and v?
13
Let r(f) = -361*f - 2. Let a be r(-2). Suppose -6*w + a = -w. Calculate the highest common factor of 18 and w.
18
Let f be (1 - 4)*280/(-6). Let w be ((-48)/(-4))/((-2)/4). Let s = w - -38. What is the highest common divisor of s and f?
14
Let k = -18 + 26. Suppose 0 = 4*i - 42 + 10. Calculate the greatest common factor of k and i.
8
Let x be (0 + 1)/((-6)/(-2058)). Suppose -x = -3*l - 7. What is the highest common divisor of l and 16?
16
Suppose -w + 2*w - 5 = 0. Let f = -18 + 13. Let j be f*w/(25/(-12)). What is the greatest common divisor of j and 84?
12
Suppose 2*n + 8 = 6*n. Suppose -n*g = -g - 195. Let r = g - 105. What is the highest common divisor of r and 10?
10
Let m = 84 + -79. Suppose 4 = -5*k + 4*j + 13, -k + 1 = -j. What is the highest common divisor of k and m?
5
Let r(n) = n - 6. Let i be r(5). Let j = 3 - i. Suppose 5*x - 3*g - 8 = 10, g + j = x. Calculate the highest common factor of x and 9.
3
Suppose 3*j = -2*l - 5, 3*l - 2*j + 2 = -j. Let k be (-1 + -12)*1 - l. Let t be (k/15)/((-1)/5). Calculate the highest common factor of 28 and t.
4
Let m = 19 + 41. Suppose 0 = 4*t + 5*o - m, 0*t - 60 = -4*t + 4*o. What is the greatest common factor of t and 105?
15
Suppose -3*d = v + 10, -2*d - 9 = -2*v + 5*v. Let x be 2 - ((v - -4) + 13). Let q = x + 30. What is the highest com